Suppose u - y = 18. What are the prime factors of u?
2, 3, 5
Let z(y) = y**2 + 9*y - 147. List the prime factors of z(-19).
43
Let v = 657 - 629. List the prime factors of v.
2, 7
What are the prime factors of 1/3 - ((-986)/3 - -3)?
2, 163
Let n(y) = y**3 + y**2 - 4. Let u(t) = 2*t**3 + 3*t**2 - 9. Let h(l) = -13*n(l) + 6*u(l). What are the prime factors of h(4)?
2, 7
Let t(q) = -q**3 + 30*q**2 + 50*q + 109. What are the prime factors of t(27)?
2, 1823
Let k(m) be the first derivative of -m**4/4 - 3*m**3 + 8*m**2 - 4*m - 23. List the prime factors of k(-11).
2, 31
Suppose 3252 = -36*l + 38*l + 3*a, 2*a = 2*l - 3232. What are the prime factors of l?
2, 3, 5
Let c(a) = -a**2 - 5*a + 27. Let n be c(-7). Suppose 98 = n*o - 11*o. List the prime factors of o.
7
Suppose -z + 6 = w - 2, 0 = 5*w + 4*z - 37. Suppose 131 = -w*c - 19. What are the prime factors of 1/((0 - 2)/c)?
3, 5
Let r(v) = v**2 - 77*v + 2*v**2 + 70*v + 4 + 7 + v**3. List the prime factors of r(4).
5, 19
Let f = 17 + 235. List the prime factors of f/5 - (-54)/90.
3, 17
Let t be 2/3 + (-50)/(-15). List the prime factors of (-8 - -6)/(t/(-538)).
269
Let f = -65 - -102. Suppose 3 = -a + f. List the prime factors of a.
2, 17
Let n be 6 + -2 - 24/2. Let p be (-2)/n*(13 + -5). Suppose -3*h + 0*d + 3*d + 18 = 0, 5*d = p*h - 15. List the prime factors of h.
5
Let c be ((-8)/12)/(4/(-3090)). What are the prime factors of c/7 + 36/(-63)?
73
Let c = -354 + 651. What are the prime factors of c?
3, 11
Suppose 0 = -5*k + 5*i + 4110, 2*k - 4*i - 794 = 844. List the prime factors of k.
3, 5, 11
Let q = 147 - 150. What are the prime factors of q/3*(-146 + 6)?
2, 5, 7
Let d(t) = -2 + 5 + 0*t - 2*t + 0 + t**3 + 3*t**2. Let w be d(-4). List the prime factors of (-51*(4 + w))/1.
3, 17
Suppose -c - 3*c = -12. Suppose -5*o + t + 28 = -2*o, -2*t - 8 = 0. Let a = o - c. What are the prime factors of a?
5
Let g = 35 - 31. Suppose g*r + v - 210 = 3*v, 0 = -4*r - 2*v + 222. List the prime factors of r.
2, 3
Let c = -241 - 48. Let o = -172 - c. List the prime factors of o.
3, 13
Let r = -139 + 220. Let t = -63 + r. List the prime factors of t.
2, 3
Let q(i) = 13*i**2 + 73*i + 803. What are the prime factors of q(-13)?
7, 293
Suppose 0*t = 2*t + 78. Let y = 17 - t. What are the prime factors of y?
2, 7
Let s be (-2)/(-5) - 1412/(-20). Suppose 7*x - 2*x = -120. Let o = s + x. List the prime factors of o.
47
Let c be -6*(10/5)/(-1*2). Suppose c*u - 3*u - 174 = 0. List the prime factors of u.
2, 29
Let g(p) = 4*p - 5. Let i be g(2). Let r be i + 3 + 0 + 1. Suppose -12 = -4*a, c - 2 = 5*a + r. List the prime factors of c.
2, 3
Suppose -5*u = -4*d + 5375, d + 4*u - 1328 = -0*u. What are the prime factors of d?
2, 5, 67
Let h(n) = -n**2 + 2*n + 43. Let p be h(0). Let g = 48 - p. List the prime factors of g.
5
Let f = 19 - 4. List the prime factors of 122/3 + (-5)/(f/(-4)).
2, 3, 7
Suppose 0 = -0*y - 7*y. Suppose 7*k - 33 - 37 = y. List the prime factors of k.
2, 5
Let a(s) = -s**3 + 16*s**2 + 14*s - 17. Let u be a(17). Let w = u + 124. List the prime factors of w.
2, 7
Let r(z) = -z - 5. Let n be r(-5). Suppose 2275 = -n*c + 13*c. What are the prime factors of c?
5, 7
Let f = -392 + 666. What are the prime factors of f?
2, 137
Let j(h) be the third derivative of h**5/60 + h**3/6 - 4*h**2. Let a be j(1). Suppose -a*c + 5*c + 26 = 4*k, -2*k + 6 = -5*c. List the prime factors of k.
2
What are the prime factors of 20091/9 - (-4)/(-12)?
2, 3, 31
List the prime factors of 33/22*(1421 - 9).
2, 3, 353
Let d(o) = o**3 - 5*o**2 + o - 2. Let y be d(4). Let c = y + 17. Suppose -p + 4*b = c*b - 15, 3*b + 15 = 0. List the prime factors of p.
2, 5
Let j = 79 - 83. What are the prime factors of 337 - (-1 - (-1 + j))?
3, 37
Suppose -23*k + 11*k = -300. What are the prime factors of k?
5
Let p = 17 - 12. Suppose s - 8 = -p. What are the prime factors of s + 3 + (23 - 2)?
3
Let f(n) = 8*n**3 - 2*n**2 + 5*n - 2. Suppose -124*a + 122*a = -6. List the prime factors of f(a).
211
Let t = 1535 - 626. List the prime factors of t.
3, 101
Let w be 5*(-9)/(-15) + (2 - 1). Suppose 3 = -z + w*p + 103, -p + 85 = z. List the prime factors of z.
2, 11
Let s(j) be the first derivative of -17*j**2/2 + j - 1. List the prime factors of s(-1).
2, 3
Let a(n) = n**2 - 5*n. Suppose -3*d + 21 = -0*d. What are the prime factors of a(d)?
2, 7
List the prime factors of 382/2 + (-7 + 3)/4.
2, 5, 19
List the prime factors of (1*6 + -1)/((-25)/(-1825)).
5, 73
Let o be ((-12)/9)/(-4)*12. Suppose -b = 2*b - o*g - 13, -2*g = -4*b + 14. List the prime factors of (86 - 2)/b - 2.
2, 13
Let w(f) = 3*f**2 + 9*f + 3. Let r be w(7). Let v = r - 38. What are the prime factors of v?
5, 7
Let t = 1494 + -600. List the prime factors of t.
2, 3, 149
Let u(f) = -f**3 - 5*f**2 + 8*f + 6. Let w be u(-6). Let y(j) = -j**3 - 6*j**2 - 4*j + 3. Let o be y(w). Suppose -4*l + 97 = -o. List the prime factors of l.
31
What are the prime factors of 6 - 12/(-2)*(192 + 16)?
2, 3, 11, 19
List the prime factors of 1884/(-15)*(2 - (-18)/(-4)).
2, 157
Let d be (3 + -15)/(-4) - 1. Suppose 3*u = d*u - 44. Let c = 101 + u. List the prime factors of c.
3, 19
Let n(v) = v - 1 - 11 + 3. Let d be n(6). List the prime factors of (-114)/(-5) - d/15.
23
Suppose 0 = -467*j + 466*j + 1258. List the prime factors of j.
2, 17, 37
Suppose -22 = -u + 5*o, 0 = 2*u - 2*o + o - 71. Suppose -u*c + 40*c = 120. List the prime factors of c.
2, 5
Let i(b) = -45*b - 43. Let t be i(-11). Suppose 3*s = 4*a + t, 5*s = 7*s - a - 298. What are the prime factors of s?
2, 37
Suppose 5*b = 4*j - 50, -b - 6*j + 11*j = -11. Suppose 4*m + 6 = 2*m. List the prime factors of b/m*18/7.
2, 3
Let j = 42 + -33. Suppose 328 = j*o - o. List the prime factors of o.
41
Let l(g) = 11*g - 49. Let q be l(0). Let z = -4 - q. What are the prime factors of z?
3, 5
Suppose -2*f - 261 + 3386 = 5*k, 3*f - 4696 = k. List the prime factors of f.
5, 313
Let g(q) = -289*q + 32. What are the prime factors of g(-3)?
29, 31
Suppose -30 = -3*l - 2*l. Suppose 3 = -3*m, l*a = 4*a - 5*m - 5. Suppose -3*r + 6*r - g = 74, a = -4*r - g + 101. What are the prime factors of r?
5
Let w(r) = 3*r - 16. Let a be w(6). Let n be (-14)/(-2) + (a - 6). Suppose -3*c + 62 = s + 20, n*c + 3*s - 42 = 0. What are the prime factors of c?
2, 7
Let v(n) = 2*n**3 + 2*n**2 - 2*n - 1. Let c be v(3). Suppose -3*i + 2*i + c = 0. Suppose -3*w + i = -10. What are the prime factors of w?
5
Let c = 439 - 372. List the prime factors of c.
67
Let f(i) = -i**2 - 13*i. Let k be f(-9). Suppose -5*t + 3*t = 0. Suppose t = -6*s + k + 102. List the prime factors of s.
23
Let s(w) = -370*w + 217. List the prime factors of s(-6).
2437
Suppose 7*j - 2*j - 205 = -5*i, -4*j + 3*i + 199 = 0. What are the prime factors of j?
2, 23
Let p = -940 - -1486. What are the prime factors of p?
2, 3, 7, 13
Suppose 6*l - 2*l = -3*i + 25, -5*i + 3*l + 3 = 0. Suppose i*s = 4*s - 7. What are the prime factors of s?
7
Suppose -2*x - 11*y + 164 = -13*y, -3*x = 5*y - 262. What are the prime factors of x?
2, 3, 7
Suppose 2*n = -3*u + 357, 33*n - 29*n = -3*u + 699. What are the prime factors of n?
3, 19
Suppose -4*s - 4*z + 24 = 0, 8*s + 2*z = 3*s + 24. Suppose -6*b + s*b = 12. What are the prime factors of 204/10 + b/(-10)?
3, 7
Let y(v) = 2*v**3 + 22*v**2 + 20*v + 6. Let c be y(-10). Suppose c*b - 768 = 114. List the prime factors of b.
3, 7
Let f(q) = -3*q - 4. Let j = -33 + 31. What are the prime factors of f(j)?
2
Let a(o) = -31*o. Let q be a(3). Let p = -47 - q. Let h = p + -26. List the prime factors of h.
2, 5
Let y = -204 - -360. Suppose 11*q = -0*q + 44. Suppose -y = v - q*v. List the prime factors of v.
2, 13
Let t be -1*((-1 - -4) + -2). Let m be -1*(t*4 + 3). List the prime factors of ((-39)/9)/(m/(-3)).
13
What are the prime factors of (60 - 46)*(1 + 0/(-2))?
2, 7
Let h(o) = -o**2 - 13*o + 15. Let b(s) = 4*s. Let r be ((-3)/2)/(11/22). Let v be b(r). What are the prime factors of h(v)?
3
Let c(d) = 2*d**3 + 3*d**2 + d + 2. Let n be c(-2). Let v(s) = -s**2 - 8*s + 4. Let p be v(n). What are the prime factors of (p/(-16))/((-1)/16)?
2, 5
Let x(s) = s**2 - 35*s - 142. List the prime factors of x(42).
2, 19
Let x(z) = z**2 - z + 81. What are the prime factors of x(0)?
3
Suppose -1432 = 125*k - 127*k. List the pri